
Let l(h) = -29*h + 1639. Give l(57).
-14
Let n(j) = -445*j + 9268. Give n(21).
-77
Let k(h) = -h**2 - 10*h + 11. Determine k(-10).
11
Let a(l) = -l**3 + 19*l**2 + 12*l + 71. What is a(20)?
-89
Let r(n) = n**3 - 21*n**2 + 83*n - 45. Give r(16).
3
Let x(o) = o**3 - 8*o**2 - 26*o + 64. Calculate x(10).
4
Let d(k) = -4*k**2 + 203*k - 106. Calculate d(45).
929
Let x(n) = -n**3 + 31*n**2 - 135*n + 23. Determine x(5).
-2
Let y(v) = -2*v**2 + 67*v - 474. Calculate y(10).
-4
Let q(o) = -608*o + 590. Give q(2).
-626
Let q(g) = -6*g**2 - 108*g - 72. Calculate q(-17).
30
Let g(k) = -k**2 + 67*k - 847. Determine g(17).
3
Let c(i) = 7*i**2 + 29*i - 641. What is c(8)?
39
Let d(t) = -11984*t + 23964. Calculate d(2).
-4
Let v(n) = n**3 - 29*n**2 + 167*n + 208. What is v(10)?
-22
Let b(l) = -l**3 + 11*l**2 + 22*l - 2. Determine b(13).
-54
Let x(f) = 3*f**2 + 16*f + 13. Calculate x(-3).
-8
Let x(b) = -b**2 - 3101*b + 18648. What is x(6)?
6
Let s(b) = -2*b**3 + 116*b**2 - 1457*b + 673. Determine s(40).
-7
Let n(j) = 28*j - 104. Give n(3).
-20
Let j(k) = -15*k**2 + 1050*k - 43. What is j(70)?
-43
Let p(x) = -x**2 + 23*x + 4. Give p(19).
80
Let a(q) = -12*q**2 + 2*q + 23. Determine a(0).
23
Let v(h) = -h**2 + 6*h + 7. Give v(6).
7
Let w(f) = -206*f - 829. Calculate w(-4).
-5
Let l(c) = 2*c**3 + 47*c**2 - 89*c - 1554. Determine l(-24).
6
Let i(r) = 13*r**2 + 226*r + 240. Calculate i(-16).
-48
Let v(k) = -6*k**2 - 40*k + 8. Calculate v(-7).
-6
Let m(f) = 2*f**2 + 82*f - 902. Give m(9).
-2
Let y(t) = 7*t**2 - 378*t - 1141. Calculate y(-3).
56
Let f(m) = 2*m**3 + 43*m**2 + 15*m - 154. Give f(-21).
-28
Let z(r) = -2*r**3 + 9*r**2 + 182*r + 528. Determine z(-5).
93
Let q(p) = -201*p + 1105. What is q(6)?
-101
Let m(f) = -134*f + 2278. What is m(17)?
0
Let y(l) = -228*l + 1830. Give y(8).
6
Let l(t) = 28*t**2 - 36*t - 38. Determine l(-1).
26
Let u(c) = 4*c**3 - 14*c**2 - 77*c - 78. Determine u(-3).
-81
Let c(v) = v**2 - 50*v + 192. Give c(45).
-33
Let m(t) = -t**2 - 153*t - 2679. Calculate m(-132).
93
Let t(r) = r**2 - 96*r + 377. Give t(4).
9
Let m(x) = 5*x**3 - x**2 + 53*x - 51. Determine m(1).
6
Let g(h) = 315*h - 2799. Determine g(9).
36
Let j(o) = -12*o**2 + 96*o + 1. Give j(8).
1
Let x(m) = 2*m**2 - 47*m + 37. Give x(21).
-68
Let u(p) = 5*p**2 - 111*p + 65. Give u(21).
-61
Let i(w) = 21*w**2 + 40*w - 246. Calculate i(7).
1063
Let p(c) = -c**3 - 21*c**2 - 112*c + 73. What is p(-13)?
177
Let p(z) = -9*z - 412. What is p(-72)?
236
Let m(i) = 5*i**2 - 27*i - 55. Calculate m(9).
107
Let j(f) = -543*f - 29317. What is j(-54)?
5
Let v(c) = -578*c - 4039. What is v(-7)?
7
Let r(n) = -15*n + 1197. Calculate r(58).
327
Let v(n) = 40*n**2 + 684*n + 34. Calculate v(-17).
-34
Let g(s) = 331*s + 22569. Calculate g(-68).
61
Let g(v) = -4*v**3 + 52*v**2 - 53*v - 4. What is g(12)?
-64
Let s(m) = -m**2 + 2*m + 78. What is s(-8)?
-2
Let q(g) = -355*g + 1061. Give q(3).
-4
Let a(o) = 4630*o + 18526. Determine a(-4).
6
Let y(s) = -11*s**3 + 3*s**2 - 13*s - 48. Determine y(-2).
78
Let g(z) = 2*z**3 - 4*z**2 - 197*z + 6. Calculate g(-9).
-3
Let n(a) = 34*a - 324. Calculate n(11).
50
Let l(d) = 4*d**3 - 8*d**2 + 2*d + 1. What is l(2)?
5
Let d(x) = 69*x - 241. Determine d(7).
242
Let g(x) = x**3 - 45*x**2 - 68*x + 1002. Determine g(46).
-10
Let l(q) = 33*q - 333. Give l(6).
-135
Let f(m) = 9*m - 103. What is f(18)?
59
Let y(i) = 29*i**2 + 54*i - 8. Determine y(-3).
91
Let y(f) = -f**3 + 14*f**2 + 24*f - 301. Determine y(14).
35
Let l(p) = -45*p - 893. What is l(-22)?
97
Let a(m) = 17*m - 409. What is a(5)?
-324
Let q(d) = -d**2 + 41*d - 380. What is q(15)?
10
Let u(x) = x**3 + 5*x**2 + 43*x + 264. Give u(-6).
-30
Let y(g) = 21*g**2 - 317*g + 35. Calculate y(15).
5
Let f(a) = -4*a**3 - 11*a**2 - 27*a - 30. What is f(-5)?
330
Let r(v) = -37*v + 1313. Calculate r(36).
-19
Let n(y) = -80*y - 814. Calculate n(-8).
-174
Let z(f) = f**3 - 32*f**2 + 115*f - 88. Determine z(28).
-4
Let h(j) = -3*j - 28. Give h(10).
-58
Let i(w) = -6*w**2 + 39*w - 17. Calculate i(0).
-17
Let n(x) = -x**2 - 59*x + 160. What is n(-62)?
-26
Let w(v) = -1971*v + 21687. What is w(11)?
6
Let l(n) = 3*n**3 + 85*n**2 - 25*n + 964. Determine l(-29).
7
Let r(w) = -2*w**3 + 120*w**2 - 315*w + 18894. Give r(60).
-6
Let z(m) = 14*m + 273. Calculate z(-21).
-21
Let v(z) = z**3 - 19*z**2 + 28*z + 135. What is v(17)?
33
Let r(i) = -3*i**3 - 4197*i + 4199. Determine r(1).
-1
Let l(j) = -117*j - 286. Calculate l(0).
-286
Let d(u) = -u**2 + u + 1196. What is d(35)?
6
Let q(t) = 9*t + 208. Calculate q(-23).
1
Let v(k) = 2*k**2 + 5*k + 110. Calculate v(-11).
297
Let t(m) = 8*m**3 + 7*m**2 - 5*m - 1. Give t(1).
9
Let u(c) = -6*c**3 + 17*c**2 + 91*c - 9. What is u(-5)?
711
Let l(u) = u**3 - 88*u**2 - 89*u + 18. What is l(89)?
18
Let w(k) = 2*k**3 - 3*k**2 - 72*k + 146. What is w(2)?
6
Let g(r) = -r**2 + 706*r + 33803. Determine g(-45).
8
Let c(s) = -s**3 + 3*s**2 + 15*s + 14. Calculate c(6).
-4
Let g(c) = 69*c + 132. Determine g(-7).
-351
Let w(f) = -203*f - 2269. Give w(-11).
-36
Let o(w) = -w**3 - 5*w**2 - 13*w - 30. Calculate o(-3).
-9
Let f(h) = 22*h - 281. Calculate f(12).
-17
Let a(x) = x**2 + 85*x + 606. Calculate a(-8).
-10
Let r(p) = -5*p + 4. Determine r(8).
-36
Let q(o) = o**3 + 7*o**2 - 15*o - 127. Give q(-5).
-2
Let h(j) = j**2 + 7479*j + 44832. Calculate h(-6).
-6
Let u(l) = -32*l**3 - 3*l**2 + 3*l - 2. Calculate u(1).
-34
Let p(v) = -4*v**2 - v - 70. Calculate p(4).
-138
Let g(b) = -3*b**2 + 230*b + 143. Give g(77).
66
Let r(d) = 121*d + 25296. Calculate r(-209).
7
Let r(g) = 10*g**3 + 11*g**2 + 67*g + 84. Determine r(-2).
-86
Let v(y) = -y**3 - y**2 - 17. Give v(0).
-17
Let u(g) = g**3 - 54*g**2 - 6*g + 294. Give u(54).
-30
Let g(z) = 28*z - 219. Calculate g(7).
-23
Let f(c) = 25*c - 1229. Give f(48).
-29
Let d(v) = 61*v - 255. Determine d(5).
50
Let u(j) = -97*j - 485. Calculate u(-5).
0
Let m(w) = -3*w**3 - 15*w**2 - 33*w - 95. Calculate m(-4).
-11
Let y(s) = -s**2 + 26*s - 193. Determine y(12).
-25
Let i(u) = 178*u**2 + 22*u - 21. Give i(1).
179
Let o(a) = a**2 + 5269*a - 36936. Calculate o(7).
-4
Let d(j) = 2*j**2 + 222*j + 216. What is d(-110)?
-4
Let z(g) = 236*g**2 + 10*g + 1. Calculate z(-2).
925
Let c(w) = -148*w + 17428. What is c(117)?
112
Let r(o) = -6498*o - 12976. What is r(-2)?
20
Let x(u) = -23*u + 361. Calculate x(13).
62
Let r(v) = -2*v**3 + 45*v**2 - 22*v + 68. Determine r(22).
68
Let f(o) = -27*o**2 + 111*o + 226. Determine f(-2).
-104
Let f(z) = -z**3 + 136*z**2 - 141*z + 835. Determine f(135).
25
Let u(p) = 5*p**3 + 522*p**2 + 519*p - 2. What is u(-1)?
-4
Let d(q) = 6*q**3 - 14*q**2 - 8*q + 40. Give d(6).
784
Let y(f) = 160*f**2 - 3839*f - 19. What is y(24)?
5
Let o(x) = -83*x + 8297. Determine o(100).
-3
Let x(o) = -120*o + 2699. Calculate x(21).
179
Let s(b) = 2*b**2 + 48*b - 5. Give s(0).
-5
Let d(r) = r**2 + 5*r - 1. Determine d(-13).
103
Let h(z) = -120*z - 1327. What is h(-11)?
-7
Let n(z) = -4901*z - 24499. Determine n(-5).
6
Let z(q) = q**2 - 14*q - 82. What is z(-15)?
353
Let p(n) = 3*n - 148. Determine p(14).
-106
Let v(k) = -12*k**3 - 2*k**2 + 7. Calculate v(-3).
313
Let z(u) = 5*u**3 - 5*u**2 + 34*u + 37. Give z(-1).
-7
Let b(m) = -6*m**2 + 5*m - 12. What is b(2)?
-26
Let q(r) = -r - 81. Give q(-14).
-67
Let o(b) = -b**3 - 11*b**2 + 91*b + 48. Determine o(6).
-18
Let d(s) = -s**3 - 99*s**2 + 100*s - 5. Calculate d(-100).
-5
Let b(q) = -7*q - 140. What is b(-26)?
42
Let l(u) = -34*u - 2933. Determine l(-87).
25
Let c(j) = j**3 + 140*j**2 + 151*j + 1665. Calculate c(-139).
-3
Let k(t) = -t**3 - 32*t**2 - 12*t - 288. Calculate k(-32).
96
Let m(t) = 8*t**3 + 12*t**2 + 32*t + 82. What is m(-2)?
2
Let t(y) = 2*y**3 - 8*y**2 - 20*y + 11. Calculate t(6).
35
Let i(q) = 8*q**2 - 27*q - 6. Determine i(8).
290
Let u(w) = w**3 + 49*w**2 + 129*w - 426. Give u(-46).
-12
Let v(q) = -5*q**3 - q**2 + 20*q + 49. Give v(-5).
549
Let l(i) = -5*i**2 + 24*i + 67. Give l(-3).
-50
Let q(r) = -r**3 + 2*r**2 + r - 26. Calculate q(4).
-54
Let v(g) = -40*g**2 - 28*g + 13. Determine v(-1).
1
Let x(m) = 3*m**2 + 19*m + 134. Calculate x(-7).
148
Let x(l) = -195*l - 1162. Calculate x(-6).
8
Let v(x) = 39*x**2 - 60*x - 402. Give v(4).
-18
Let r(x) = -6747*x + 47232. Calculate r(7).
3
Let b(r) = 15*r**2 - 216*r + 89. W